y 517?
306
What is the remainder when 82429962 is divided by 20607489?
6
What is the remainder when 1040097 is divided by 118?
45
What is the remainder when 17242755 is divided by 2173?
0
Calculate the remainder when 20268246 is divided by 144773.
26
What is the remainder when 1574344 is divided by 18521?
59
What is the remainder when 68786973 is divided by 13?
8
Calculate the remainder when 13303055 is divided by 209.
205
Calculate the remainder when 23263789 is divided by 1019.
19
What is the remainder when 2198185 is divided by 1281?
1270
What is the remainder when 24339 is divided by 3011?
251
Calculate the remainder when 824962 is divided by 72.
58
Calculate the remainder when 371461 is divided by 20632.
85
What is the remainder when 396601 is divided by 79265?
276
Calculate the remainder when 837956 is divided by 279240.
236
What is the remainder when 65642 is divided by 1871?
157
Calculate the remainder when 20210490 is divided by 553.
552
What is the remainder when 8462394 is divided by 9434?
96
What is the remainder when 380594 is divided by 63129?
1820
What is the remainder when 20056309 is divided by 324?
61
Calculate the remainder when 115817 is divided by 8904.
65
What is the remainder when 38402871 is divided by 3270?
3261
What is the remainder when 77290 is divided by 696?
34
Calculate the remainder when 6016756 is divided by 9596.
64
Calculate the remainder when 160027 is divided by 8889.
25
What is the remainder when 570846 is divided by 953?
952
Calculate the remainder when 640313 is divided by 318.
179
What is the remainder when 780732 is divided by 1?
0
Calculate the remainder when 34267 is divided by 2014.
29
What is the remainder when 4927819 is divided by 31?
28
Calculate the remainder when 822015 is divided by 35665.
1720
What is the remainder when 37656 is divided by 34783?
2873
Calculate the remainder when 717776 is divided by 179076.
1472
Calculate the remainder when 2718154 is divided by 42.
40
What is the remainder when 1662995 is divided by 2442?
2435
What is the remainder when 71672 is divided by 255?
17
Calculate the remainder when 50377226 is divided by 2099051.
2
Calculate the remainder when 168235239 is divided by 4673201.
3
Calculate the remainder when 1078218530 is divided by 1313.
1312
What is the remainder when 87457 is divided by 21782?
329
Calculate the remainder when 87968184 is divided by 21992044.
8
Calculate the remainder when 2884892 is divided by 206061.
38
Calculate the remainder when 22358 is divided by 636.
98
Calculate the remainder when 1993583 is divided by 60394.
581
What is the remainder when 17124896 is divided by 46?
16
What is the remainder when 14971327 is divided by 9?
7
What is the remainder when 143309957 is divided by 5478?
5477
What is the remainder when 17140400 is divided by 3?
2
What is the remainder when 38361817 is divided by 33?
10
What is the remainder when 2932998 is divided by 7521?
7329
What is the remainder when 17147188 is divided by 107?
10
What is the remainder when 3338489 is divided by 1134?
1127
Calculate the remainder when 15891 is divided by 2569.
477
What is the remainder when 333415 is divided by 155?
10
What is the remainder when 71883 is divided by 11975?
33
Calculate the remainder when 43459 is divided by 56.
3
What is the remainder when 922566 is divided by 1816?
38
What is the remainder when 575110 is divided by 111?
19
Calculate the remainder when 3990447 is divided by 1110.
1107
What is the remainder when 761580278 is divided by 9820?
9818
What is the remainder when 21763624 is divided by 66?
58
What is the remainder when 75291 is divided by 543?
357
What is the remainder when 1653337 is divided by 28?
21
Calculate the remainder when 2528853 is divided by 257.
230
Calculate the remainder when 15495 is divided by 166.
57
What is the remainder when 1494907 is divided by 4604?
3211
Calculate the remainder when 11698759 is divided by 40.
39
Calculate the remainder when 2222708 is divided by 18.
14
Calculate the remainder when 4729725 is divided by 397.
264
What is the remainder when 11994695 is divided by 233?
88
Calculate the remainder when 108009 is divided by 607.
570
Calculate the remainder when 152660 is divided by 99.
2
What is the remainder when 2020676 is divided by 100?
76
What is the remainder when 84745 is divided by 28045?
610
Calculate the remainder when 82774 is divided by 1150.
1124
Calculate the remainder when 618921 is divided by 201186.
15363
What is the remainder when 332994767 is divided by 121?
105
What is the remainder when 1172843 is divided by 3747?
32
What is the remainder when 350902 is divided by 14?
6
What is the remainder when 1265285 is divided by 180754?
7
Calculate the remainder when 101362 is divided by 16867.
160
What is the remainder when 35302 is divided by 2709?
85
Calculate the remainder when 82689613 is divided by 19.
17
Calculate the remainder when 340459 is divided by 169139.
2181
What is the remainder when 8088558 is divided by 231101?
23
What is the remainder when 3708484 is divided by 1351?
1340
What is the remainder when 4533674 is divided by 438?
374
What is the remainder when 717451 is divided by 1314?
7
What is the remainder when 26583128 is divided by 418?
0
What is the remainder when 755404 is divided by 2840?
2804
Calculate the remainder when 558378 is divided by 17359.
2890
What is the remainder when 35581 is divided by 1593?
535
What is the remainder when 149718 is divided by 49883?
69
Calculate the remainder when 163262 is divided by 765.
317
Calculate the remainder when 22039688 is divided by 731.
38
What is the remainder when 1117650 is divided by 145?
135
Calculate the remainder when 32504551 is divided by 271.
269
Calculate the remainder when 47725999 is divided by 250.
249
What is the remainder when 14703570 is divided by 84?
42
Calculate the remainder when 762753 is divided by 1085.
1083
What is the remainder when 4333 is divided by 1616?
1101
What is the remainder when 9492 is divided by 4576?
340
What is the remainder when 5876852 is divided by 766?
100
What is the remainder when 267043 is divided by 133519?
5
What is the remainder when 57689 is divided by 28760?
169
What is the remainder when 193013697 is divided by 759?
756
What is the remainder when 404297 is divided by 134566?
599
Calculate the remainder when 1225481 is divided by 692.
641
What is the remainder when 3921153 is divided by 105?
33
What is the remainder when 36129 is divided by 17683?
763
Calculate the remainder when 12663730 is divided by 14197.
6
Calculate the remainder when 70000826 is divided by 3686.
0
Calculate the remainder when 1419636 is divided by 3372.
24
What is the remainder when 152851 is divided by 29?
21
What is the remainder when 277968 is divided by 498?
84
Calculate the remainder when 11693884 is divided by 191703.
1
What is the remainder when 1358263 is divided by 2558?
2523
What is the remainder when 7229 is divided by 22?
13
What is the remainder when 43143994 is divided by 643940?
14
Calculate the remainder when 1411369 is divided by 534.
7
What is the remainder when 3967564 is divided by 88?
84
Calculate the remainder when 25843 is divided by 25392.
451
Calculate the remainder when 307228 is divided by 101650.
2278
What is the remainder when 100374 is divided by 809?
58
What is the remainder when 14747032 is divided by 280?
272
Calculate the remainder when 70049233 is divided by 5453.
5448
What is the remainder when 11465837 is divided by 30?
17
Calculate the remainder when 16177080 is divided by 11808.
120
Calculate the remainder when 72145297 is divided by 37.
33
What is the remainder when 9474180 is divided by 35?
30
Calculate the remainder when 575502 is divided by 82166.
340
What is the remainder when 193894971 is divided by 44?
39
What is the remainder when 631518 is divided by 2401?
55
Calculate the remainder when 1622998 is divided by 848.
774
Calculate the remainder when 21508 is divided by 613.
53
Calculate the remainder when 245558 is divided by 20397.
794
What is the remainder when 2689787 is divided by 672344?
411
What is the remainder when 1626942 is divided by 112?
30
What is the remainder when 1012099486 is divided by 34?
32
Calculate the remainder when 14949553 is divided by 372.
361